{"id":36,"date":"2019-09-10T14:32:36","date_gmt":"2019-09-10T12:32:36","guid":{"rendered":"http:\/\/laurence-eli.fr\/2019\/?page_id=36"},"modified":"2023-02-02T18:07:45","modified_gmt":"2023-02-02T17:07:45","slug":"expositions-personnelles","status":"publish","type":"page","link":"https:\/\/laurence-eli.fr\/2019\/expositions-personnelles\/","title":{"rendered":"Expositions personnelles"},"content":{"rendered":"\t\t<div data-elementor-type=\"wp-page\" data-elementor-id=\"36\" class=\"elementor elementor-36\">\n\t\t\t\t\t\t\t\t\t<section class=\"elementor-section elementor-top-section elementor-element elementor-element-7e2f3140 elementor-section-boxed elementor-section-height-default elementor-section-height-default\" data-id=\"7e2f3140\" data-element_type=\"section\">\n\t\t\t\t\t\t<div class=\"elementor-container elementor-column-gap-default\">\n\t\t\t\t\t<div class=\"elementor-column elementor-col-100 elementor-top-column elementor-element elementor-element-75b53665\" data-id=\"75b53665\" data-element_type=\"column\">\n\t\t\t<div class=\"elementor-widget-wrap elementor-element-populated\">\n\t\t\t\t\t\t\t\t<div class=\"elementor-element elementor-element-757d3273 elementor-widget elementor-widget-text-editor\" data-id=\"757d3273\" data-element_type=\"widget\" data-widget_type=\"text-editor.default\">\n\t\t\t\t<div class=\"elementor-widget-container\">\n\t\t\t\t\t\t\t<p>2022 &#8211; avril \u00e0 octobre : <strong>Galerie &#8211; Atelier &#8211; \u00c9ph\u00e9m\u00e8re<\/strong> \u00e0 Cadenet<\/p><p>2020 &#8211; sept. et oct. : \u00ab\u00a0<strong>Quand est-ce que l&rsquo;on danse ?<\/strong>\u00a0\u00bb\u00a0 Caf\u00e9 Associatif : \u00f4 Petits Bonheurs \u00e0 Pertuis<\/p><p>2018 &#8211; Mai et juin : \u00ab\u00a0<strong>Instants Tango<\/strong>\u00a0\u00bb \u00e0 Aix en Tango \u00e0 Eguilles.<\/p><p>\u00a0\u00a0\u00a0\u00a0\u00a0\u00a0\u00a0\u00a0\u00a0\u00a0 &#8211; juillet : \u00ab\u00a0<strong>Instants Tango\u00a0\u00bb <\/strong>Festival de Tango de Saint Rapha\u00ebl<\/p><p>2017 &#8211; Sept.:\u00a0\u00bb <strong>Paysages d&rsquo;ici et d&rsquo;ailleurs<\/strong>\u00a0\u00bb en collaboration avec Amandine Ivarra au Donjon de Cucuron<\/p><p>2016 &#8211;\u00a0 Juillet<b>\u00a0: <\/b>avec deux autres artistes<b> \u00e0 Villeneuve lez Avignon <\/b>dans une galerie \u00e9ph\u00e9m\u00e8re<\/p><p style=\"padding-left: 30px;\">&#8211; septembre : Exposition durant les journ\u00e9es du patrimoine au <strong>Ch\u00e2teau d&rsquo;Aramon<\/strong><\/p><p>2015 <b>\u2013 \u00ab\u00a0Chemin\u00a0\u00bb <\/b>en <strong>Suisse<\/strong> \u00e0 Kreutzlingen<\/p><p><b>\u00a0\u00a0\u00a0\u00a0\u00a0 \u00a0 \u2013<\/b>\u00a0<b> : Art\u2019expo <\/b>\u00e0 la foire d\u2019<strong>Avignon<\/strong><\/p><p><b>\u00a0\u00a0\u00a0\u00a0\u00a0\u00a0\u00a0 &#8211; \u00ab\u00a0Abstractions\u00a0\u00bb<\/b> Salon d\u2019Art avec deux autres artistes des Arts \u00f4 Soleil \u00e0 <strong>Pernes Les fontaines<\/strong><\/p><p style=\"text-align: left;\">2014 \u2013 \u00ab <strong>Couleurs<\/strong> \u00bb \u00e0 Aix en Tango \u00e0 Eguilles.<\/p><p style=\"text-align: left;\">\u00a0\u00a0 \u00a0 \u00a0\u00a0 \u2013 Mai et novembre collaboration avec Yoame une autre version de \u00ab <strong>Chemin&rsquo;s<\/strong> \u00bb \u00e0 l\u2019Espace des Arts \u00e0 Gordes 84 et \u00e0 Kreutlingen en Suisse<\/p><p style=\"text-align: left;\">2013 \u2013 Janvier\u00a0et mars \u00ab\u00a0<strong>Terre Polaire\u00a0<\/strong>\u00bb \u00e0 Gardanne dans un centre de soins\u00a0palliatifs \u00ab\u00a0La Maison \u00bb et \u00e0 Aix en Tango (\u00e9cole de danse)<\/p><p style=\"text-align: left; padding-left: 30px;\">\u2013\u00a0 collaboration avec Mike Vercellino (sculpteur) et Yoame une autre version de \u00ab\u00a0<strong>Chemin&rsquo;s\u00a0<\/strong>\u00bb au <strong>Ch\u00e2teau de Lourmarin<\/strong> (84) puis <strong>Cotignac<\/strong><\/p><p style=\"text-align: left;\">2012 \u2013 \u00ab\u00a0<strong>Chemin(s)\u00a0<\/strong>\u00bb\u00a0exposition en collaboration avec Yoame \u00a0\u00e0 la\u00a0<strong>Galerie Orpiment<\/strong> \u00e0 Marseille et\u00a0<strong style=\"color: inherit; line-height: 1.6em;\">Au Donjon<\/strong><span style=\"line-height: 1.6em;\"> \u00e0 <\/span><strong style=\"color: inherit; line-height: 1.6em;\">Cucuron<\/strong><span style=\"line-height: 1.6em;\">\u00a0(84)<\/span><\/p><p style=\"text-align: left; padding-left: 30px;\">\u2013\u00a0\u00a0\u00ab\u00a0<strong>Regards inspir\u00e9s \u2013 Voyage en Terre Polaire\u00a0<\/strong>\u00bb\u00a0 Exposition enrichie de nouvelles toiles\u00a0en collaboration avec Yoame, .<\/p><p style=\"text-align: left; padding-left: 30px;\">\u00a0A la brasserie\u00a0 \u00ab\u00a0Flo\u00a0\u00bb\u00a0<span style=\"line-height: 1.6em;\">et au centre affaire de l\u2019a\u00e9roport Marseille Provence.<\/span><\/p><p style=\"text-align: left;\">2011 \u2013 \u00a0\u00ab\u00a0<strong>Regards inspir\u00e9s \u2013 Voyage en Terre Polaire<\/strong>\u00a0\u00bb\u00a0\u2013 Juin<\/p><p style=\"text-align: left; padding-left: 30px;\">Exposition en\u00a0collaboration avec YOAME sur le th\u00e8me du Spitzberg au\u00a0Centre Culturel \u00ab\u00a0La Laiterie\u00a0\u00bb Cadenet (84)<\/p><p style=\"text-align: left;\">2009 \u2013 \u00a0\u00ab\u00a0<strong>Le grand March\u00e9 d\u2019Art Contemporain<\/strong>\u00a0\u00bb Place de la Bastille \u00e0 Paris\u00a0\u2013\u00a0avril<\/p><p style=\"text-align: left; padding-left: 30px;\">\u2013 \u00a0\u00ab\u00a0Centre Culturel La Laiterie\u00a0\u00bb Cadenet (84)\u00a0\u2013\u00a0mai<\/p><p style=\"text-align: left;\">2008 \u2013\u00a0<strong>Kreutzligen<\/strong> \u2013 <strong>Suisse\u00a0\u00a0\u2013 <\/strong>sept \u00e0 d\u00e9cembre<\/p><p style=\"text-align: left;\">\u00a0 \u00a0 \u00a0 \u00a0 \u2013\u00a0 Gardanne dans un centre de soins palliatifs \u00ab\u00a0La Maison\u00a0\u00bb\u00a0\u2013\u00a0ao\u00fbt<\/p><p style=\"text-align: left;\">2007 \u00a0\u2013\u00a0Petite Maison des Arts \u00e0 <strong>Cadenet<\/strong> (84)\u00a0\u2013 mai<\/p><p style=\"text-align: left; padding-left: 30px;\">\u00a0\u2013 Casino de <strong>Gr\u00e9oux les Bains<\/strong>, (04) en compagnie de Mr Lucien Torrese\u00a0\u2013\u00a0octobre<\/p><div>\u00a0<\/div><div>\u00a0<\/div>\t\t\t\t\t\t<\/div>\n\t\t\t\t<\/div>\n\t\t\t\t\t<\/div>\n\t\t<\/div>\n\t\t\t\t\t\t\t<\/div>\n\t\t<\/section>\n\t\t\t\t\t\t\t<\/div>\n\t\t","protected":false},"excerpt":{"rendered":"<p>2022 &#8211; avril \u00e0 octobre : Galerie &#8211; Atelier &#8211; \u00c9ph\u00e9m\u00e8re \u00e0 Cadenet 2020 &#8211; sept. et oct. : \u00ab\u00a0Quand est-ce que l&rsquo;on danse ?\u00a0\u00bb\u00a0 Caf\u00e9 Associatif : \u00f4 Petits Bonheurs \u00e0 Pertuis 2018 &#8211; Mai et juin : \u00ab\u00a0Instants Tango\u00a0\u00bb \u00e0 Aix en Tango \u00e0 Eguilles. \u00a0\u00a0\u00a0\u00a0\u00a0\u00a0\u00a0\u00a0\u00a0\u00a0 &#8211; juillet : \u00ab\u00a0Instants Tango\u00a0\u00bb Festival de [&hellip;]<\/p>\n","protected":false},"author":4,"featured_media":0,"parent":0,"menu_order":0,"comment_status":"closed","ping_status":"closed","template":"","meta":{"ocean_post_layout":"","ocean_both_sidebars_style":"","ocean_both_sidebars_content_width":0,"ocean_both_sidebars_sidebars_width":0,"ocean_sidebar":"0","ocean_second_sidebar":"0","ocean_disable_margins":"enable","ocean_add_body_class":"","ocean_shortcode_before_top_bar":"","ocean_shortcode_after_top_bar":"","ocean_shortcode_before_header":"","ocean_shortcode_after_header":"","ocean_has_shortcode":"","ocean_shortcode_after_title":"","ocean_shortcode_before_footer_widgets":"","ocean_shortcode_after_footer_widgets":"","ocean_shortcode_before_footer_bottom":"","ocean_shortcode_after_footer_bottom":"","ocean_display_top_bar":"default","ocean_display_header":"default","ocean_header_style":"","ocean_center_header_left_menu":"0","ocean_custom_header_template":"0","ocean_custom_logo":0,"ocean_custom_retina_logo":0,"ocean_custom_logo_max_width":0,"ocean_custom_logo_tablet_max_width":0,"ocean_custom_logo_mobile_max_width":0,"ocean_custom_logo_max_height":0,"ocean_custom_logo_tablet_max_height":0,"ocean_custom_logo_mobile_max_height":0,"ocean_header_custom_menu":"0","ocean_menu_typo_font_family":"0","ocean_menu_typo_font_subset":"","ocean_menu_typo_font_size":0,"ocean_menu_typo_font_size_tablet":0,"ocean_menu_typo_font_size_mobile":0,"ocean_menu_typo_font_size_unit":"px","ocean_menu_typo_font_weight":"","ocean_menu_typo_font_weight_tablet":"","ocean_menu_typo_font_weight_mobile":"","ocean_menu_typo_transform":"","ocean_menu_typo_transform_tablet":"","ocean_menu_typo_transform_mobile":"","ocean_menu_typo_line_height":0,"ocean_menu_typo_line_height_tablet":0,"ocean_menu_typo_line_height_mobile":0,"ocean_menu_typo_line_height_unit":"","ocean_menu_typo_spacing":0,"ocean_menu_typo_spacing_tablet":0,"ocean_menu_typo_spacing_mobile":0,"ocean_menu_typo_spacing_unit":"","ocean_menu_link_color":"","ocean_menu_link_color_hover":"","ocean_menu_link_color_active":"","ocean_menu_link_background":"","ocean_menu_link_hover_background":"","ocean_menu_link_active_background":"","ocean_menu_social_links_bg":"","ocean_menu_social_hover_links_bg":"","ocean_menu_social_links_color":"","ocean_menu_social_hover_links_color":"","ocean_disable_title":"default","ocean_disable_heading":"default","ocean_post_title":"","ocean_post_subheading":"","ocean_post_title_style":"","ocean_post_title_background_color":"","ocean_post_title_background":0,"ocean_post_title_bg_image_position":"","ocean_post_title_bg_image_attachment":"","ocean_post_title_bg_image_repeat":"","ocean_post_title_bg_image_size":"","ocean_post_title_height":0,"ocean_post_title_bg_overlay":0.5,"ocean_post_title_bg_overlay_color":"","ocean_disable_breadcrumbs":"default","ocean_breadcrumbs_color":"","ocean_breadcrumbs_separator_color":"","ocean_breadcrumbs_links_color":"","ocean_breadcrumbs_links_hover_color":"","ocean_display_footer_widgets":"default","ocean_display_footer_bottom":"default","ocean_custom_footer_template":"0","footnotes":""},"class_list":["post-36","page","type-page","status-publish","hentry","entry"],"aioseo_notices":[],"_links":{"self":[{"href":"https:\/\/laurence-eli.fr\/2019\/wp-json\/wp\/v2\/pages\/36","targetHints":{"allow":["GET"]}}],"collection":[{"href":"https:\/\/laurence-eli.fr\/2019\/wp-json\/wp\/v2\/pages"}],"about":[{"href":"https:\/\/laurence-eli.fr\/2019\/wp-json\/wp\/v2\/types\/page"}],"author":[{"embeddable":true,"href":"https:\/\/laurence-eli.fr\/2019\/wp-json\/wp\/v2\/users\/4"}],"replies":[{"embeddable":true,"href":"https:\/\/laurence-eli.fr\/2019\/wp-json\/wp\/v2\/comments?post=36"}],"version-history":[{"count":9,"href":"https:\/\/laurence-eli.fr\/2019\/wp-json\/wp\/v2\/pages\/36\/revisions"}],"predecessor-version":[{"id":402,"href":"https:\/\/laurence-eli.fr\/2019\/wp-json\/wp\/v2\/pages\/36\/revisions\/402"}],"wp:attachment":[{"href":"https:\/\/laurence-eli.fr\/2019\/wp-json\/wp\/v2\/media?parent=36"}],"curies":[{"name":"wp","href":"https:\/\/api.w.org\/{rel}","templated":true}]}}

<div data-elementor-type="wp-page" data-elementor-id="36" class="elementor elementor-36">
									<section class="elementor-section elementor-top-section elementor-element elementor-element-7e2f3140 elementor-section-boxed elementor-section-height-default elementor-section-height-default" data-id="7e2f3140" data-element_type="section">
						<div class="elementor-container elementor-column-gap-default">
					<div class="elementor-column elementor-col-100 elementor-top-column elementor-element elementor-element-75b53665" data-id="75b53665" data-element_type="column">
			<div class="elementor-widget-wrap elementor-element-populated">
								<div class="elementor-element elementor-element-757d3273 elementor-widget elementor-widget-text-editor" data-id="757d3273" data-element_type="widget" data-widget_type="text-editor.default">
				<div class="elementor-widget-container">
							<p>2022 &#8211; avril à octobre : <strong>Galerie &#8211; Atelier &#8211; Éphémère</strong> à Cadenet</p><p>2020 &#8211; sept. et oct. : « <strong>Quand est-ce que l&rsquo;on danse ?</strong> »  Café Associatif : ô Petits Bonheurs à Pertuis</p><p>2018 &#8211; Mai et juin : « <strong>Instants Tango</strong> » à Aix en Tango à Eguilles.</p><p>           &#8211; juillet : « <strong>Instants Tango » </strong>Festival de Tango de Saint Raphaël</p><p>2017 &#8211; Sept.: » <strong>Paysages d&rsquo;ici et d&rsquo;ailleurs</strong> » en collaboration avec Amandine Ivarra au Donjon de Cucuron</p><p>2016 &#8211;  Juillet<b> : </b>avec deux autres artistes<b> à Villeneuve lez Avignon </b>dans une galerie éphémère</p><p style="padding-left: 30px;">&#8211; septembre : Exposition durant les journées du patrimoine au <strong>Château d&rsquo;Aramon</strong></p><p>2015 <b>– « Chemin » </b>en <strong>Suisse</strong> à Kreutzlingen</p><p><b>        –</b> <b> : Art’expo </b>à la foire d’<strong>Avignon</strong></p><p><b>        &#8211; « Abstractions »</b> Salon d’Art avec deux autres artistes des Arts ô Soleil à <strong>Pernes Les fontaines</strong></p><p style="text-align: left;">2014 – « <strong>Couleurs</strong> » à Aix en Tango à Eguilles.</p><p style="text-align: left;">        – Mai et novembre collaboration avec Yoame une autre version de « <strong>Chemin&rsquo;s</strong> » à l’Espace des Arts à Gordes 84 et à Kreutlingen en Suisse</p><p style="text-align: left;">2013 – Janvier et mars « <strong>Terre Polaire </strong>» à Gardanne dans un centre de soins palliatifs « La Maison » et à Aix en Tango (école de danse)</p><p style="text-align: left; padding-left: 30px;">–  collaboration avec Mike Vercellino (sculpteur) et Yoame une autre version de « <strong>Chemin&rsquo;s </strong>» au <strong>Château de Lourmarin</strong> (84) puis <strong>Cotignac</strong></p><p style="text-align: left;">2012 – « <strong>Chemin(s) </strong>» exposition en collaboration avec Yoame  à la <strong>Galerie Orpiment</strong> à Marseille et <strong style="color: inherit; line-height: 1.6em;">Au Donjon</strong><span style="line-height: 1.6em;"> à </span><strong style="color: inherit; line-height: 1.6em;">Cucuron</strong><span style="line-height: 1.6em;"> (84)</span></p><p style="text-align: left; padding-left: 30px;">–  « <strong>Regards inspirés – Voyage en Terre Polaire </strong>»  Exposition enrichie de nouvelles toiles en collaboration avec Yoame, .</p><p style="text-align: left; padding-left: 30px;"> A la brasserie  « Flo » <span style="line-height: 1.6em;">et au centre affaire de l’aéroport Marseille Provence.</span></p><p style="text-align: left;">2011 –  « <strong>Regards inspirés – Voyage en Terre Polaire</strong> » – Juin</p><p style="text-align: left; padding-left: 30px;">Exposition en collaboration avec YOAME sur le thème du Spitzberg au Centre Culturel « La Laiterie » Cadenet (84)</p><p style="text-align: left;">2009 –  « <strong>Le grand Marché d’Art Contemporain</strong> » Place de la Bastille à Paris – avril</p><p style="text-align: left; padding-left: 30px;">–  « Centre Culturel La Laiterie » Cadenet (84) – mai</p><p style="text-align: left;">2008 – <strong>Kreutzligen</strong> – <strong>Suisse  – </strong>sept à décembre</p><p style="text-align: left;">        –  Gardanne dans un centre de soins palliatifs « La Maison » – août</p><p style="text-align: left;">2007  – Petite Maison des Arts à <strong>Cadenet</strong> (84) – mai</p><p style="text-align: left; padding-left: 30px;"> – Casino de <strong>Gréoux les Bains</strong>, (04) en compagnie de Mr Lucien Torrese – octobre</p><div> </div><div> </div>						</div>
				</div>
					</div>
		</div>
							</div>
		</section>
							</div>

<p>2022 &#8211; avril à octobre : Galerie &#8211; Atelier &#8211; Éphémère à Cadenet 2020 &#8211; sept. et oct. : « Quand est-ce que l&rsquo;on danse ? »  Café Associatif : ô Petits Bonheurs à Pertuis 2018 &#8211; Mai et juin : « Instants Tango » à Aix en Tango à Eguilles.            &#8211; juillet : « Instants Tango » Festival de [&hellip;]</p>
